 Let z be (-27)/(594/44)*((-16)/(-2) - -2). Give w(z).
-3
Let k be -16 + (7 + 1)/(-4). Let h be (-25)/(-225) + 2/k. Let d(m) = 2*m - m - 2*m + 8. Determine d(h).
8
Let c be (-114)/24 + 9/12. Let o(p) = 4*p + 20. Calculate o(c).
4
Suppose -9 = -2*b - 1. Let v(y) = -4*y**2 + 57727788*y**3 - 57727787*y**3 + 3 + 0*y**2 - 4*y. Give v(b).
-13
Let n(b) = -17*b**2 + 33*b - 13. Let c(r) = 7*r**2 - 15*r + 7. Let f(o) = 5*c(o) + 2*n(o). Suppose -m - m + 18 = 0. What is f(m)?
9
Suppose -x = 3, 4*x + 0 + 18 = -3*q. Let z be (q/3)/(4/24*-1). Let u be (z - 85/25)/(2/(-10)). Let o(r) = r**3 + 4*r**2 + 3*r + 1. Determine o(u).
1
Let t(c) be the third derivative of -c**4/12 - 5*c**3/3 + 1996*c**2. Suppose 3*m + 29 = 4*j, -m + 3*j - 27 = 2*m. What is t(m)?
4
Let x(s) = 137*s + 1090. Suppose 0 = -7*y - 28*y - 280. Give x(y).
-6
Let u be 4/(((-2)/(-14))/(3/7)). Suppose -9*b = -u*b - 10*b. Let g(s) = s**3 - s**2 - 1. Give g(b).
-1
Let h(f) be the second derivative of f**5/20 - f**4/12 - f**3/2 + 3*f**2/2 - 3*f. Let i(x) = -2*x + 29. Let l be i(10). Suppose -2*r - 3 = -l. Determine h(r).
12
Let b(q) = 2*q - 4. Suppose -134*y + 128*y = -372. Suppose y*p = 9*p - 159. What is b(p)?
-10
Let q(r) be the first derivative of r**5/24 + r**4/24 - 38*r**3/3 - 36. Let v(u) be the third derivative of q(u). Calculate v(-3).
-14
Let k(j) = -j**2 - 5*j + 73. Suppose 0 = 2*i + 12, 2*i - 46 = 4*d - 82. Determine k(d).
7
Let s(g) = g**2 + 4*g - 52. Let m be (-6)/360*-10 - (-1 + (-116)/24). Determine s(m).
8
Let l(h) = 2*h - 27. Let u = 2285 - 2274. What is l(u)?
-5
Let p(i) be the second derivative of -i**3/3 + 7*i**2 - 35*i. Let u(w) = 2*w**2 - 21*w + 20. Let y be u(10). Let z be p(y). Let h(n) = -n - 5. Calculate h(z).
1
Suppose 0 = -d + 4*d - 5*o - 8, -2*d - 2*o = 16. Let s be d/(-22) - 522/(-33). Let q(u) = -1 - 2*u + s*u - 4*u. Give q(-1).
-11
Let k be 1 + (4 + -244)/(-6). Suppose -2*g + k = -2*h - 3*h, -3*h - g = 18. Let d(s) = s**3 + 6*s**2 - 6*s + 4. What is d(h)?
-3
Let f(k) = -k**2 + 34*k - 255. Let m be f(11). Let l(y) = -28*y - 31*y - 1 + 60*y. Determine l(m).
-3
Let v = 12 + -42. Let k = v - -31. Let t(p) = -p**3 + 10*p**2 - 8*p. Let y(h) = -h**2. Let f(m) = k*t(m) + 3*y(m). What is f(6)?
-12
Let h be 46/10 - 51/85. Let x(y) = -3*y - 2. Let a(z) = 1. Let f(u) = -4*u. Let l(v) = -6*a(v) + 2*f(v). Let s(j) = 4*l(j) - 11*x(j). Calculate s(h).
2
Let n(o) = -4*o**2 - 16*o - 4. Let u(c) = 78*c + 1163. Let h be u(-15). Calculate n(h).
-88
Suppose -4*w - 3 = -k - 16, -2*w - 2*k - 6 = 0. Let z(g) = 12*g - 7*g**2 - 6 - 12*g**w + 20*g**2. What is z(-13)?
7
Let d(i) = 7*i + 1. Suppose 745 = 27*p + 70. Suppose 3*s = 28*s - p. Calculate d(s).
8
Let g(t) = -19*t - t**2 - 27*t - 23*t + 11*t + 57*t + 31. Give g(-6).
1
Let n(l) = 4*l + 7. Let i(s) = -335 - 25*s + 401 + 181. Let p be i(10). Give n(p).
-5
Suppose 25*p - 12 = -58*p - 95. Let v(h) be the first derivative of -7*h**2/2 - h + 4. Determine v(p).
6
Let d(z) = -z**2 + 2*z + 24. Let r be d(6). Let g(l) = l**2 - 2*l - 11. Calculate g(r).
-11
Let j(t) = -4*t**2 + 44*t - 2. Let u = -4961 + 4972. What is j(u)?
-2
Let b(c) = -8*c**3 + 30*c**2 - 6*c + 4. Let z(x) = 18*x**3 - 65*x**2 + 13*x - 9. Let h(i) = -13*b(i) - 6*z(i). Give h(2).
-30
Let p be 10/6*24/20. Suppose 12 = 2*n + p*n. Let j(h) = 175*h - h**n - 175*h + 5 - 2. Give j(0).
3
Let c(s) = 4 + 2*s**2 - 3*s**2 - 8 + 7*s. Suppose -27*l - 18 + 135 + 72 = 0. What is c(l)?
-4
Let c(u) = -2*u**2 - 8*u - 10. Let j(i) = 4*i**3 - 5*i**2 - 5. Let z be j(3). Let t be ((-29)/z)/(1/8). What is c(t)?
-10
Let n(t) = 51 - 20 - 16 - 7 + 9*t - 11. What is n(-2)?
-21
Let o(d) = -16*d + 170. Suppose 17 = -q - 4*v, 24 = -q + 153*v - 158*v. Determine o(q).
-6
Let f(s) be the second derivative of 0*s**3 + s**2 - 1/4*s**4 - 2 - s. What is f(2)?
-10
Let g(y) = y**2 + 5*y - 3. Let s be 10*2 - (-22 + 27). Let p be (-3)/s - (-232)/(-40). Give g(p).
3
Let g(n) = -2*n**3 - 4*n**2 - 17*n + 1. Let r(x) = 5*x**3 + 8*x**2 + 37*x - 2. Let z(t) = -7*g(t) - 3*r(t). Determine z(6).
-25
Let n(m) = -6*m**2 + 35. Let v(d) = 4*d**2 - 23. Let o(y) = -5*n(y) - 8*v(y). Let x be o(-2). Let f(s) = 13*s**2 + 2*s - 1. Determine f(x).
14
Let k(l) = -l**2 - l + 8. Suppose 29*j - 23*j = -27*j. Determine k(j).
8
Let t(w) = w**3 - 16*w**2 + 28*w + 4. Let l be (14/6)/((-5)/(-30)). Determine t(l).
4
Suppose 4*j - 3*p + 8*p = 486, 5*j - 3*p = 589. Suppose -5*m = 12*m + j. Let k(g) = -g. Let o(x) = -4*x + 3. Let u(r) = 15*k(r) - 3*o(r). What is u(m)?
12
Let i(w) = 11*w + 51. Let y(z) = 8*z + 36. Let n(m) = -5*i(m) + 7*y(m). Let o = -4 - -2. Let s be 1 + o/((-3)/3). What is n(s)?
0
Let r(a) = a - 4. Let s = 56 + -53. Suppose -7 = -v - 1. Suppose -s*n - v = -n. Give r(n).
-7
Let g(n) = -9 + n - 11 + 7. Let j = 22088 - 22083. Determine g(j).
-8
Let w(x) be the second derivative of -x**2 - 5/12*x**4 + 36*x - 1/2*x**3 - 1. Calculate w(-1).
-4
Let c be (8/10)/((-14)/105). Let h(x) = -3*x**3 - 29*x**2 - 6*x + 10. Let r(t) = -t**3 - 10*t**2 - 2*t + 3. Let u(q) = 4*h(q) - 11*r(q). Determine u(c).
19
Let v(z) = -z - 3 + 3 + 2. Let s(j) = 4*j**3 + j**2 - 113*j + 114. Let w be s(1). Calculate v(w).
-4
Let c = -4 - 2. Let m(o) = -21023*o**2 + 2 + 63060*o**2 - 21021*o**2 + 0*o + 3 - 8*o - 21017*o**2. Give m(c).
17
Let g(r) = -2*r**3 + 86*r**2 + 84*r + 209. Let u be g(44). Let l(z) = z**2 - 35*z + 34. Determine l(u).
-32
Let s(a) be the second derivative of a**4/12 - 2*a**3/3 + 13*a**2/2 - 945*a. What is s(7)?
34
Let t(x) = -22*x + 200. Let g(j) = 2*j**2 + 110*j + 1376. Let a be g(-19). Determine t(a).
24
Let m be ((-15)/3)/5 + 2. Let y(z) = z + 5 + m - 7. Suppose 0 = -0*u - u + 3. Calculate y(u).
2
Suppose -5*j + m = 2*m - 706, 425 = 3*j + 2*m. Suppose 0 = 4*l - j - 115. Let a = -69 + l. Let u(i) = -i**3 - 4*i**2 + 8*i + 6. Determine u(a).
-9
Let s(u) be the first derivative of -10*u**3/3 + 5*u**2/2 - 8*u + 4133. Give s(3).
-83
Let y(s) = s**2 - 2*s**2 - 12*s - 9 + 9 + 10*s. Let f = -7 - 6. Let c = 12 + f. What is y(c)?
1
Let k = 359 + -212. Let r = k + -144. Let w(t) = t**2 - 2*t - 2. Give w(r).
1
Let u(v) = 14*v**2 + 111*v + 172. Let q(w) = -5*w**2 - 38*w - 60. Let o(s) = 8*q(s) + 3*u(s). Give o(-13).
-3
Let z(s) = -75*s + 3 - 186*s + 250*s - 2*s**2 + 14. What is z(-7)?
-4
Let t be (-122)/4 + -2 - (7 + (-364)/56). Let m(s) = s**2 + 36*s + 10. Calculate m(t).
-89
Let y(l) be the first derivative of 7*l**4/4 + 2*l**3/3 + l**2 + l - 20. Let h(b) = 16*b**3 + 4*b**2 + 4*b + 2. Let n(i) = -6*h(i) + 14*y(i). Calculate n(-2).
-6
Let y(j) = -j**2 + 6*j - 7. Let r be y(5). Let u(c) = -c**2 - 11 - 3*c + 3*c - 4*c - 7*c + 9 + 12*c. What is u(r)?
-8
Let r(v) be the third derivative of v**5/60 - 3*v**4/4 + 7*v**3/6 + 3069*v**2. Determine r(8).
-73
Suppose 0 = -3*t + 198 - 597. Let u = -69 - t. Let r(m) = -32*m - 36*m + u*m. Calculate r(2).
-8
Suppose 2*v - 25*v + 46 = 0. Let o(x) = -2 + 3*x + 0 + 9017*x**2 - 9019*x**v. Suppose -5*g + 10 + 0 = 0. What is o(g)?
-4
Let l(y) = 2*y**2 + 13*y + 18. Let o be l(-2). Suppose -5*q - 5*v - 2 - 3 = o, 4*v = 12. Let n(x) = 3*x - 5. Determine n(q).
-17
Let l(p) = p**2 - 8*p + 2. Let h = 1 + 7. Let m(i) = -i**3 + 7*i**2 + 11*i - 6. Let r be m(h). Suppose x - r = 3*g, -x + 2*g - 4*g = 2. Give l(x).
-10
Let n(t) be the second derivative of -t**7/280 - t**6/720 + t**5/120 - 109*t**4/12 - t + 17. Let f(p) be the third derivative of n(p). Calculate f(1).
-9
Suppose 0 = 6*v + 5*v - 44. Let j be 1 + 4 - (v - 1). Let n(s) = s**3 - 3*s + 8*s**3 + 0*s**j - 8*s**3 + 4*s**2. What is n(-5)?
-10
Let l(b) = 4*b**3 + 4*b**2 + 3*b + 3. Let k(t) = -3*t**3 - 3*t**2 - 2*t - 4. Let p(q) = -3*k(q) - 2*l(q). Let x = 1660 - 1660. Give p(x).
6
Let k(s) be the second derivative of -4*s**3/3 - 2*s**2 + s. Let d be 198/(-36) - ((-6)/4)/((-366)/(-122)). Determine k(d).
36
Let c(y) = y**2 - 5*y + 7. Suppose -6*j - 42 = -546. Suppose a - j = -3*v + 3*a, -15 = -v + 5*a. Suppose -6*d - v = -3*l - d, l - d - 8 = 0. What is c(l)?
7
Let v(i) = -i**3 + 12*i**2 + 10*i + 41. Let t be v(13). Let h(o) = 4*o**2 - 5 + o**3 - 13*o**2 + 0*o + 0*o - o - t*o**3. Give h(-9).
4
Let t(i) = i**3 + 80*i**2 + 62*i - 1337. Let a be t(-79). Let y(m) = -4*m**3 - 5*m**2 - 8*m - 2. Let c(u) = -u**3 - u. Let f(j) = 5*c(j) - y(j). What is f(a)?
-16
Let z = -3299 - -3315. Let u(k) = 